70
In base 12, what is 2806b + 1?
28070
In base 6, what is 10144 - 242?
5502
In base 16, what is -7795 - 2?
-7797
In base 4, what is 101 - -22030?
22131
In base 7, what is -443 - -5333?
4560
In base 9, what is -228680 - 2?
-228682
In base 5, what is -1 - 32?
-33
In base 10, what is -38 + -5454?
-5492
In base 12, what is 46228 + -3?
46225
In base 5, what is 1 + 240412?
240413
In base 11, what is 11279 - -1?
1127a
In base 9, what is -161 + -80883?
-81154
In base 3, what is 2001112020101 - 0?
2001112020101
In base 11, what is 908a16 - 5?
908a11
In base 14, what is -13 - 592?
-5a5
In base 9, what is 848 + 14003?
14852
In base 15, what is 52 + -b8?
-66
In base 15, what is 70 + -34?
3b
In base 14, what is 182 + -6?
17a
In base 8, what is -2007 - -1031?
-756
In base 4, what is -3 + 202002?
201333
In base 15, what is -65 - 308?
-36d
In base 8, what is 713 - 371?
322
In base 12, what is aa - -13?
101
In base 16, what is -1c - 219?
-235
In base 11, what is -3a - -65?
26
In base 2, what is -1100111101000111000 - 111?
-1100111101000111111
In base 14, what is 4 - 2600a?
-26006
In base 14, what is 259c2 + 2?
259c4
In base 10, what is -80730 + 9?
-80721
In base 11, what is -24809 + -4?
-24812
In base 3, what is 111111112 - 122?
111110220
In base 9, what is 26 + 366673?
366710
In base 16, what is 4 - 6ae67?
-6ae63
In base 5, what is 11 + 111130?
111141
In base 10, what is 42 - 23492?
-23450
In base 3, what is 2211 + -22010?
-12022
In base 14, what is 67 + 146b?
14d4
In base 7, what is -5 - 232162?
-232200
In base 16, what is -5 - d3279?
-d327e
In base 9, what is 60013 + -4?
60008
In base 13, what is 3 + 37bb5?
37bb8
In base 10, what is 8218 - -15?
8233
In base 12, what is 5 - -8483?
8488
In base 10, what is 11 - 83598?
-83587
In base 4, what is -201 + 3030?
2223
In base 3, what is 2112 - 2001111?
-1221222
In base 4, what is 11 + -222212?
-222201
In base 12, what is -28134 - -3?
-28131
In base 5, what is -3433 + -23203?
-32141
In base 4, what is -1313231 + 320?
-1312311
In base 3, what is 2 - -100121202?
100121211
In base 3, what is -11 + -200220122211?
-200220122222
In base 3, what is 2201011102 + 201?
2201012010
In base 3, what is 1021010001 - 0?
1021010001
In base 6, what is -11544 - 10524?
-22512
In base 15, what is 1bba - 3?
1bb7
In base 8, what is 1073 + -1013?
60
In base 13, what is -1 + 5b372?
5b371
In base 12, what is 94 - -11b43?
12017
In base 10, what is 1 + -76872?
-76871
In base 16, what is 42 - -dcc?
e0e
In base 4, what is -22002232 - -32?
-22002200
In base 9, what is 128670 - -3?
128673
In base 7, what is -13 - 156321?
-156334
In base 16, what is -1cf + 440?
271
In base 4, what is -2113 - 13?
-2132
In base 15, what is -994c - 1?
-994d
In base 16, what is -22523 - 4?
-22527
In base 10, what is 12 - 17288?
-17276
In base 6, what is 443301 + -13?
443244
In base 5, what is 311103 + -1014?
310034
In base 7, what is 1265 + 11143?
12441
In base 3, what is -102110 + -122011211?
-122121021
In base 14, what is -3251 - -11?
-3240
In base 16, what is -7b + -4da?
-555
In base 3, what is -2 - 101222211002?
-101222211011
In base 4, what is -1000 + -312021?
-313021
In base 13, what is -5c + -c405?
-c464
In base 2, what is 1100100001 + 1110001?
1110010010
In base 13, what is 4 + 6a15?
6a19
In base 16, what is -5 + 819a3?
8199e
In base 12, what is -858 + -29?
-885
In base 13, what is 4 + a68?
a6c
In base 2, what is -10101101000010000 - 101?
-10101101000010101
In base 3, what is 21 - -11212212020?
11212212111
In base 6, what is -332022321 + -3?
-332022324
In base 5, what is -4 + -12104042?
-12104101
In base 5, what is -1044 + -3203?
-4302
In base 11, what is a9 + 184?
282
In base 4, what is 213 + 11000?
11213
In base 10, what is 24861 - 5?
24856
In base 7, what is 2324 + 246?
2603
In base 5, what is 21 - 11211?
-11140
In base 9, what is -5081 - 114?
-5205
In base 16, what is dbc1f - 0?
dbc1f
In base 11, what is 55716 - 9?
55708
In base 14, what is 57b - -2?
57d
In base 9, what is -4 + 1346004?
1346000
In base 16, what is -883d - 1?
-883e
In base 13, what is -1a1 + -5c3?
-794
In base 7, what is -3 - 1415442?
-1415445
In base 12, what is -1289b - -1?
-1289a
In base 9, what is -244 - 858?
-1213
In base 9, what is 40 - -1313?
1353
In base 16, what is 1e0 - -58?
238
In base 7, what is 3116 - 4324?
-1205
In base 4, what is -11212311332 + 11?
-11212311321
In base 8, what is 2270 + -133?
2135
In base 7, what is 263 - 1355?
-1062
In base 12, what is 108 + -80?
48
In base 2, what is 100100111100011 - 1101?
100100111010110
In base 4, what is 3 - -12223122?
12223131
In base 16, what is -84 + -107?
-18b
In base 16, what is -e - -83d?
82f
In base 12, what is ba - -189?
287
In base 5, what is -2114 - 11401?
-14020
In base 16, what is 6 - -9c84?
9c8a
In base 12, what is 9b5a8 - 1?
9b5a7
In base 12, what is 23 + -6a5?
-682
In base 11, what is 61a24a + 3?
61a252
In base 4, what is -30220 + 3220?
-21000
In base 13, what is 2266c - 3?
22669
In base 5, what is -40 - 211411?
-212001
In base 5, what is -144 + -10440?
-11134
In base 14, what is 2259a - 7?
22593
In base 7, what is 10141 + -40?
10101
In base 11, what is 0 - 212?
-212
In base 7, what is 63 - 1622?
-1526
In base 5, what is -2013 - -2040?
22
In base 11, what is -52 - 13373?
-13415
In base 12, what is -305 - 82?
-387
In base 5, what is 20431020 - -12?
20431032
In base 12, what is 1 + 1a1?
1a2
In base 3, what is -20111 - -21010?
122
In base 9, what is 15 + 2235?
2251
In base 6, what is -1 + 22203030?
22203025
In base 15, what is -e56 - -16?
-e40
In base 6, what is 1 + 3453045?
3453050
In base 12, what is -3 + -42323?
-42326
In base 2, what is 10111001011110101 - 1?
10111001011110100
In base 6, what is -52520 + 21?
-52455
In base 5, what is -3 + -3004423?
-3004431
In base 7, what is -14356 + -214?
-14603
In base 10, what is 146 - 8694?
-8548
In base 12, what is -2bb + 18?
-2a3
In base 15, what is d9a + 17?
db2
In base 9, what is -3323 + -305?
-3628
In base 9, what is -7143 + 203?
-6840
In base 12, what is -1 + -8a4a8?
-8a4a9
In base 13, what is -b - -1081a?
1080c
In base 4, what is 3020 + -2001301?
-1332221
In base 16, what is 19b + -9?
192
In base 5, what is 110201 + 1104?
111310
In base 7, what is -4 + -1023064?
-1023101
In base 11, what is -4 - -54746?
54742
In base 4, what is -3112 + 23333?
20221
In base 13, what is -4240 + 12?
-422b
In base 7, what is -1514041 + 2?
-1514036
In base 6, what is 2 - 215133?
-215131
In base 3, what is 12 + 2222002000?
2222002012
In base 10, what is 4 - -15235?
15239
In base 14, what is -3ac626 - -5?
-3ac621
In base 6, what is 53232303 + -4?
53232255
In base 3, what is 201010111 + 21?
201010202
In base 10, what is -3 + 15951?
15948
In base 14, what is 15 + 11502?
11517
In base 8, what is -51462 - -233?
-51227
In base 6, what is 1 + -220414?
-220413
In base 10, what is -20451 + 13?
-20438
In base 4, what is -1102002 - 1?
-1102003
In base 5, what is -132120023 - 3?
-132120031
In base 2, what is 10011010111 - -110100111?
11001111110
In base 7, what is 25 - -123522?
123550
In base 3, what is 11 - 221021212?
-221021201
In base 6, what is 1104020 - 0?
1104020
In base 5, what is 1 - 3031020?
-3031014
In base 8, what is -2164 + 3255?
1071
In base 7, what is -12134 + 54?
-12050
In base 16, what is -f - 5410?
-541f
In base 14, what is -282 - -a6?
-1ba
In base 7, what is 1354 - -2666?
4353
In base 4, what is -122 - 302203?
-302331
In base 14, what is -1036 + 158?
-cbc
In base 7, what is -6 + 13544?
13535
In base 2, what is -1011000101000 + -1011010?
-1011010000010
In base 13, what is -c60 + -9?
-c69
In base 11, what is -1 + 1024a62?
1024a61
In base 8, what is 0 + 303522?
303522
In base 3, what is -1101201 + -1020?
-1102221
In base 15, what is -4 + -1e27?
-1e2b
In base 6, what is -2215451 + -2?
-2215453
In base 15, what is 1694 + -1?
1693
In base 8, what is 11744 + 2?
11746
In base 10, what is -2755758 + 5?
-2755753
In base 2, what is -100 + -1100111110110?
-1100111111010
In base 15, what is 26 + 273?
299
In base 2, what is 1001000001100 - 10101001?
1000101100011
In base 3, what is 2201 + -100212?
-21011
In base 16, what is 294 + 27c?
510
In base 2, what is 100 - 1100111111010010100?
-1100111111010010000
In base 15, what is 0 + 1013?
1013
In base 9, what is -514328 - -8?
-514320
In base 7, what is 5 + 